{"id":1599,"date":"2022-12-26T13:19:37","date_gmt":"2022-12-26T10:19:37","guid":{"rendered":"https:\/\/www.gpindeks.com\/soru-cevap\/?page_id=1599"},"modified":"2022-12-26T13:56:23","modified_gmt":"2022-12-26T10:56:23","slug":"iletisim","status":"publish","type":"page","link":"https:\/\/www.gpindeks.com\/soru-cevap\/iletisim\/","title":{"rendered":"\u0130leti\u015fim"},"content":{"rendered":"<p>Merak etti\u011finiz konulara ili\u015fkin <a href=\"https:\/\/www.gpindeks.com\/soru-cevap\/yardim\" target=\"_blank\" rel=\"noopener\">S\u0131k Sorulan Sorular<\/a> sayfam\u0131zdan faydalanabilirsiniz. Ya\u015fad\u0131\u011f\u0131n\u0131z sorunla ilgili bir soru sormak, \u00f6nceden verilen yan\u0131tlara g\u00f6z atmak veya sizde sorusu olan kullan\u0131c\u0131lara bilginizi payla\u015fmak i\u00e7in Gpindeks toplulu\u011funa <a href=\"https:\/\/www.gpindeks.com\/soru-cevap\/soru-ekle\" target=\"_blank\" rel=\"noopener\">dan\u0131\u015fabilirsiniz<\/a>.<\/p>\n<p>&nbsp;<\/p>\n<p>G\u00f6r\u00fc\u015f, \u00f6neri, \u015fikayet ve sorular\u0131n\u0131zla ilgili bize ula\u015fmak i\u00e7in a\u015fa\u011f\u0131daki formu kullanabilir veya\u00a0<a href=\"mailto:iletisim@gpindeks.com?subject=Gpindeks%20Yard%C4%B1m\">iletisim@gpindeks.com<\/a>\u00a0adresinden ileti\u015fime ge\u00e7ebilirsiniz. G\u00f6nderdi\u011finiz ileti en k\u0131sa s\u00fcrede dikkate al\u0131nacakt\u0131r.<\/p>\n\n<div class=\"wpcf7 no-js\" id=\"wpcf7-f1437-o1\" lang=\"en-US\" dir=\"ltr\" data-wpcf7-id=\"1437\">\n<div class=\"screen-reader-response\"><p role=\"status\" aria-live=\"polite\" aria-atomic=\"true\"><\/p> <ul><\/ul><\/div>\n<form action=\"\/soru-cevap\/wp-json\/wp\/v2\/pages\/1599#wpcf7-f1437-o1\" method=\"post\" class=\"wpcf7-form init\" aria-label=\"Contact form\" novalidate=\"novalidate\" data-status=\"init\">\n<fieldset class=\"hidden-fields-container\"><input type=\"hidden\" name=\"_wpcf7\" value=\"1437\" \/><input type=\"hidden\" name=\"_wpcf7_version\" value=\"6.1.4\" \/><input type=\"hidden\" name=\"_wpcf7_locale\" value=\"en_US\" \/><input type=\"hidden\" name=\"_wpcf7_unit_tag\" value=\"wpcf7-f1437-o1\" \/><input type=\"hidden\" name=\"_wpcf7_container_post\" value=\"0\" \/><input type=\"hidden\" name=\"_wpcf7_posted_data_hash\" value=\"\" \/>\n<\/fieldset>\n<div class=\"form-group\">\n\t<p>\u0130sim<br \/>\n<span class=\"wpcf7-form-control-wrap\" data-name=\"your-name\"><input size=\"40\" maxlength=\"400\" class=\"wpcf7-form-control wpcf7-text wpcf7-validates-as-required form-control\" aria-required=\"true\" aria-invalid=\"false\" value=\"\" type=\"text\" name=\"your-name\" \/><\/span>\n\t<\/p>\n<\/div>\n<div class=\"form-group\">\n\t<p>Email<br \/>\n<span class=\"wpcf7-form-control-wrap\" data-name=\"your-email\"><input size=\"40\" maxlength=\"400\" class=\"wpcf7-form-control wpcf7-email wpcf7-validates-as-required wpcf7-text wpcf7-validates-as-email form-control\" aria-required=\"true\" aria-invalid=\"false\" value=\"\" type=\"email\" name=\"your-email\" \/><\/span>\n\t<\/p>\n<\/div>\n<div class=\"form-group\">\n\t<p>Telefon<br \/>\n<span class=\"wpcf7-form-control-wrap\" data-name=\"tel\"><input size=\"40\" maxlength=\"400\" class=\"wpcf7-form-control wpcf7-tel wpcf7-text wpcf7-validates-as-tel form-control\" aria-invalid=\"false\" value=\"\" type=\"tel\" name=\"tel\" \/><\/span>\n\t<\/p>\n<\/div>\n<div class=\"form-group\">\n\t<p>Konu<br \/>\n<span class=\"wpcf7-form-control-wrap\" data-name=\"subject\"><input size=\"40\" maxlength=\"400\" class=\"wpcf7-form-control wpcf7-text form-control\" aria-invalid=\"false\" value=\"\" type=\"text\" name=\"subject\" \/><\/span>\n\t<\/p>\n<\/div>\n<div class=\"form-group form-input-last\">\n\t<p>Mesaj\u0131n\u0131z<br \/>\n<span class=\"wpcf7-form-control-wrap\" data-name=\"your-message\"><textarea cols=\"40\" rows=\"10\" maxlength=\"2000\" class=\"wpcf7-form-control wpcf7-textarea form-control\" aria-invalid=\"false\" name=\"your-message\"><\/textarea><\/span>\n\t<\/p>\n<\/div>\n<p><input class=\"wpcf7-form-control wpcf7-submit has-spinner btn btn__primary btn__large__height btn__block btn__no__animation\" type=\"submit\" value=\"G\u00f6nder\" \/>\n<\/p><p style=\"display: none !important;\" class=\"akismet-fields-container\" data-prefix=\"_wpcf7_ak_\"><label>&#916;<textarea name=\"_wpcf7_ak_hp_textarea\" cols=\"45\" rows=\"8\" maxlength=\"100\"><\/textarea><\/label><input type=\"hidden\" id=\"ak_js_1\" name=\"_wpcf7_ak_js\" value=\"161\"\/><script>document.getElementById( \"ak_js_1\" ).setAttribute( \"value\", ( new Date() ).getTime() );<\/script><\/p><div class=\"wpcf7-response-output\" aria-hidden=\"true\"><\/div>\n<\/form>\n<\/div>\n\n","protected":false},"excerpt":{"rendered":"<p>Merak etti\u011finiz konulara ili\u015fkin S\u0131k Sorulan Sorular sayfam\u0131zdan faydalanabilirsiniz. Ya\u015fad\u0131\u011f\u0131n\u0131z sorunla ilgili bir soru sormak, \u00f6nceden verilen yan\u0131tlara g\u00f6z atmak veya sizde sorusu olan kullan\u0131c\u0131lara bilginizi payla\u015fmak i\u00e7in Gpindeks toplulu\u011funa dan\u0131\u015fabilirsiniz. &nbsp; G\u00f6r\u00fc\u015f, \u00f6neri, \u015fikayet ve sorular\u0131n\u0131zla ilgili bize ula\u015fmak i\u00e7in a\u015fa\u011f\u0131daki formu kullanabilir veya\u00a0iletisim@gpindeks.com\u00a0adresinden ileti\u015fime ge\u00e7ebilirsiniz. G\u00f6nderdi\u011finiz ileti en k\u0131sa s\u00fcrede dikkate al\u0131nacakt\u0131r.<\/p>\n","protected":false},"author":1,"featured_media":0,"parent":0,"menu_order":0,"comment_status":"closed","ping_status":"closed","template":"template-contact.php","meta":{"footnotes":""},"class_list":["post-1599","page","type-page","status-publish","hentry"],"_links":{"self":[{"href":"https:\/\/www.gpindeks.com\/soru-cevap\/wp-json\/wp\/v2\/pages\/1599","targetHints":{"allow":["GET"]}}],"collection":[{"href":"https:\/\/www.gpindeks.com\/soru-cevap\/wp-json\/wp\/v2\/pages"}],"about":[{"href":"https:\/\/www.gpindeks.com\/soru-cevap\/wp-json\/wp\/v2\/types\/page"}],"author":[{"embeddable":true,"href":"https:\/\/www.gpindeks.com\/soru-cevap\/wp-json\/wp\/v2\/users\/1"}],"replies":[{"embeddable":true,"href":"https:\/\/www.gpindeks.com\/soru-cevap\/wp-json\/wp\/v2\/comments?post=1599"}],"version-history":[{"count":0,"href":"https:\/\/www.gpindeks.com\/soru-cevap\/wp-json\/wp\/v2\/pages\/1599\/revisions"}],"wp:attachment":[{"href":"https:\/\/www.gpindeks.com\/soru-cevap\/wp-json\/wp\/v2\/media?parent=1599"}],"curies":[{"name":"wp","href":"https:\/\/api.w.org\/{rel}","templated":true}]}}