{"id":1632,"date":"2022-12-26T14:35:07","date_gmt":"2022-12-26T11:35:07","guid":{"rendered":"https:\/\/www.gpindeks.com\/soru-cevap\/?page_id=1632"},"modified":"2022-12-26T14:35:07","modified_gmt":"2022-12-26T11:35:07","slug":"cerezler-ve-cerez-kullanimi-izinleri-hakkinda-bildirim","status":"publish","type":"page","link":"https:\/\/www.gpindeks.com\/soru-cevap\/cerezler-ve-cerez-kullanimi-izinleri-hakkinda-bildirim\/","title":{"rendered":"\u00c7erezler ve \u00c7erez Kullan\u0131m\u0131 \u0130zinleri Hakk\u0131nda Bildirim"},"content":{"rendered":"<p>Gpindeks.com ve gpindeks.com\/soru-cevap (K\u0131saca \u201cGpindeks\u201d olarak an\u0131lacakt\u0131r) taraf\u0131ndan y\u00f6netilen Gpindeks mobil uygulamas\u0131 ile gpindeks.com ve gpindeks.com\/soru-cevap internet siteleri (Hepsi birlikte k\u0131saca \u201cGP\u201d olarak an\u0131lacakt\u0131r) \u00e7er\u00e7evesinde olmak \u00fczere veri gizlili\u011finize sayg\u0131 duyuyor ve de bu s\u00fcre\u00e7teki sorular\u0131n\u0131za da yan\u0131t olmas\u0131 a\u00e7\u0131s\u0131ndan i\u015fbu bildirim metnini dikkatle okuman\u0131z\u0131 \u00f6neriyoruz.<\/p>\n<p>GP \u00fczerindeki deneyimlerinizi zenginle\u015ftirebilmemize ve bizim de s\u00f6z konusu hizmetlerimizi daha da geli\u015ftirmemize ve iyile\u015ftirmemize yard\u0131mc\u0131 olacak bilgileri toplayabilmek i\u00e7in GP \u00fczerinde de\u011fi\u015fik teknolojilerden yararlan\u0131yoruz. Gpindeks olarak kulland\u0131\u011f\u0131m\u0131z \u00e7erezler, GP\u2019nin \u00e7al\u0131\u015fmas\u0131na olanak sa\u011flamakta ve de sizlerin her biri i\u00e7in hangi bilgilerin ve rekl\u00e2mlar\u0131n en yararl\u0131 oldu\u011funu anlamam\u0131za yard\u0131mc\u0131 olmaktad\u0131r.<\/p>\n<p><b>Bilgilerinizi kim topluyor?<\/b><\/p>\n<p>\u00c7erezler ve ba\u015fka izleme teknolojileri vas\u0131tas\u0131yla Gpindeks\u2019e sizler taraf\u0131ndan a\u00e7\u0131klanan\/iletilen\/g\u00f6nderilen veya K\u0131zlarSoruyor\u2019un toplad\u0131\u011f\u0131\/saklad\u0131\u011f\u0131\/ald\u0131\u011f\u0131\/kabul etti\u011fi ki\u015fisel bilgiler, K\u0131zlarSoruyor\u2019un kontrol\u00fc alt\u0131nda olacakt\u0131r. GPyi kullanmakla, K\u0131zlarSoruyor\u2019un i\u015fbu \u201c\u00c7erezler ve \u00c7erez Kullan\u0131m\u0131 \u0130zinleri Hakk\u0131nda Bildirim\u201d metnindeki ve de ba\u015fta \u201c\u00dcyelik S\u00f6zle\u015fmesi\u201d olmak \u00fczere GP i\u00e7erisinde yer alabilecek di\u011fer t\u00fcm kural, ko\u015ful, y\u00f6nlendirme, yard\u0131m, a\u00e7\u0131klama, bilgilendirme ve sair metinlerin tamam\u0131ndaki h\u00fck\u00fcmlerin i\u00e7eri\u011finin sizler taraf\u0131ndan kabul edildi\u011fini beyan ve taahh\u00fct edersiniz. B\u00f6ylelikle de bizim \u201c<a href=\"https:\/\/www.gpindeks.com\/soru-cevap\/kisisel-verilerin-islenmesi-ve-korunmasi-politikasi\/\">Ki\u015fisel Verilerin Korunmas\u0131 ve \u0130\u015flenmesi Politikas\u0131<\/a>\u201d\u00a0metnimize uygun olarak ilgili teknolojileri ve de \u00e7erezleri kullanmam\u0131za ve bu yolla ki\u015fisel verilerinizi i\u015flememize \u015fimdiden a\u00e7\u0131k \u015fekilde r\u0131za g\u00f6stermi\u015f say\u0131l\u0131rs\u0131n\u0131z.<\/p>\n<p>&nbsp;<\/p>\n<p>Bu \u00c7erezler Hakk\u0131nda Bildirim, Facebook, Apple, Google, YouTube veya benzeri uluslararas\u0131 platformlarda bulunan ve Gpindeks taraf\u0131ndan veya ad\u0131na i\u015fletilen ba\u015fta i\u015fbu kullanmakta oldu\u011funuz uygulamaya\/siteye ve de di\u011fer t\u00fcm s\u00f6z konusu olan\/olabilecek uygulamalara, sitelere ve de sayfalara da uygulan\u0131r. Bu Bildirimde \u201cGpindeks\u201d\u2019e yap\u0131lan at\u0131flar, sizin etkile\u015fimde ve ileti\u015fimde bulundu\u011funuz t\u00fcm Gpindeks ortak \u015firketlerini, i\u015ftiraklerini, ba\u011fl\u0131 \u015firketlerini, ortak giri\u015fim \u015firketlerini ve de imtiyaz alan sair \u015firketleri de kapsamaktad\u0131r.<\/p>\n<p>GP\u2019yi hali haz\u0131rda kullanmaya ba\u015flam\u0131\u015f olmakla, \u201c\u00c7erezler ve \u00c7erez Kullan\u0131m\u0131 \u0130zinleri Hakk\u0131nda Bildirim\u201d ve \u201cKi\u015fisel Verilerin Korunmas\u0131 ve \u0130\u015flenmesi Politikas\u0131\u201d metinlerimize tam olarak uygun \u015fekilde olmak \u00fczere ilgili sair \u00e7erezleri kullanmam\u0131za \u015fimdiden a\u00e7\u0131k r\u0131za g\u00f6stermi\u015f olmaktas\u0131n\u0131z. \u00c7erezleri an\u0131lan yol, \u015fekil ve ama\u00e7larla kullanmam\u0131z\u0131 kabul etmiyorsan\u0131z, muhtemel ayarlar\u0131n\u0131z\u0131 ve izinlerinizi buna g\u00f6re d\u00fczenlemelsiniz ve fakat \u00e7erezlerin herhangi bir \u015fekilde devreden \u00e7\u0131kart\u0131lmas\u0131 ya da ilgili teknolojilere ait izinlerin etkisizle\u015ftirmesi\/geri \u00e7ekilmesi halleri, GP \u00fczerindeki kullan\u0131c\u0131 deneyiminizi olumsuz etkileyebilir ya da GP\u2019yi sizin taraf\u0131n\u0131zdan tamamen kullan\u0131lmaz hale getirebilir.<\/p>\n<p>A\u015fa\u011f\u0131daki b\u00f6l\u00fcm, GP \u00fczerinde kullanmakta oldu\u011fumuz farkl\u0131 \u00e7erez tiplerini, bunlar\u0131n her birinin kullan\u0131m amac\u0131yla birlikte \u00f6zetlemekte ve size bu \u00e7erezleri y\u00f6netme kabiliyetini kazand\u0131rmaktad\u0131r.<\/p>\n<p>Gpindeks, sizin \u015fahsi verilerinizi ancak ve sadece bunu yapmas\u0131 adil ve yasalara uygun oldu\u011fu takdirde toplayacak, kullanacak veya if\u015fa edecektir.<\/p>\n<p><b>\u00c7erez kelimesi ne anlama gelmektedir?<\/b><\/p>\n<p>\u00c7erezler, piksel etiketleri ve benzeri teknolojiler (hepsi birlikte \u2018\u00e7erezler\u2019 olarak an\u0131lmaktad\u0131rlar), GP\u2019yi y\u00fckledi\u011finizde\/kulland\u0131\u011f\u0131n\u0131zda \u2013 bilgisayar\u0131n\u0131z, ak\u0131ll\u0131 telefonunuz veya tabletiniz gibi \u2013 internet ba\u011flant\u0131l\u0131 cihaz\u0131n\u0131za indirilen k\u00fc\u00e7\u00fck miktarlarda bilgileri i\u00e7eren dosyalard\u0131r. \u00c7erezler, sizin tercihlerinizi hat\u0131rlamak, sizin internet deneyiminizi genel olarak iyile\u015ftirmek ve size en iyi \u00fcr\u00fcn ve hizmetleri sunmam\u0131zda bize yard\u0131mc\u0131 olmak gibi pek \u00e7ok farkl\u0131 ve faydal\u0131 i\u015fleri yaparlar.<\/p>\n<p>Pek \u00e7ok farkl\u0131 \u00e7erez tipi bulunmaktad\u0131r. Bu \u00e7erezlerin t\u00fcm\u00fc ayn\u0131 bi\u00e7imde \u00e7al\u0131\u015f\u0131rlar, fakat aralar\u0131nda baz\u0131 ufak farkl\u0131l\u0131klar da bulunmaktad\u0131r.<\/p>\n<p><b>\u00c7erezleri hangi ama\u00e7la kullan\u0131yoruz?<\/b><\/p>\n<p>\u00c7erezleri, GP\u2019nin kullan\u0131m\u0131n\u0131 daha kolay bir hale d\u00f6n\u00fc\u015ft\u00fcrmek, GP\u2019de size ki\u015fiselle\u015ftirilmi\u015f bir deneyim ya\u015fama olana\u011f\u0131 sa\u011flamak ve \u00fcr\u00fcnlerimiz, hizmetlerimiz ve GP\u2019yi sizin gereksinim ve ilgi alanlar\u0131n\u0131za daha iyi uyarlamak gibi ama\u00e7larla kullan\u0131yoruz. \u00c7erezler, sizin GP\u2019deki gelecek faaliyetlerinizi ve deneyimlerinizi h\u0131zland\u0131rmam\u0131za yard\u0131mc\u0131 olmak i\u00e7in de kullan\u0131lmaktad\u0131rlar.<\/p>\n<p>Sizin kullan\u0131lmas\u0131na r\u0131za g\u00f6sterdi\u011finiz \u00e7erezler, ayn\u0131 zamanda, size ait \u015fahsi verileri toplamak i\u00e7in de kullan\u0131lmaktad\u0131r. Daha sonra, bu veri ve bilgileri, sizin ilgi alanlar\u0131n\u0131za uyarlanm\u0131\u015f hedefe y\u00f6nelik reklamlar sunabilece\u011fimiz ve sizin bir reklam\u0131 g\u00f6rd\u00fc\u011f\u00fcn\u00fcz tekrar say\u0131s\u0131n\u0131 s\u0131n\u0131rland\u0131rabilece\u011fimiz bir bi\u00e7imde izleyicilere g\u00f6re profillendiriyoruz.<\/p>\n<p>\u00c7erezleri, i\u00e7eri\u011fimizi ve reklamlar\u0131m\u0131z\u0131 geli\u015ftirmek amac\u0131yla e-postalara ve haber b\u00fcltenlerine de sokuyoruz.<\/p>\n<p>Son olarak ifade etmek gerekir ki; \u00e7erezleri insanlar\u0131n GP\u2019yi nas\u0131l kulland\u0131klar\u0131n\u0131 anlamam\u0131za olanak sa\u011flayan ve GPnin yap\u0131s\u0131 ve i\u00e7eri\u011fini zenginle\u015ftirmemize yard\u0131mc\u0131 olan ve reklam kampanyalar\u0131n\u0131n GP \u00fczerindeki etkinli\u011fini \u00f6l\u00e7memize de yard\u0131m eden anonim ve birle\u015ftirilmi\u015f istatistiksel veriler derlemek amac\u0131yla da kullan\u0131yoruz.<\/p>\n<p><b>\u00c7erezleri nas\u0131l kontrol edebilirim veya silebilirim?<\/b><\/p>\n<p>\u00c7erezlerinizi\/izinlerinizini y\u00f6netmek i\u00e7in kullanabilece\u011finiz pek \u00e7ok yol vard\u0131r:<\/p>\n<p>\u2022 R\u0131zan\u0131z\u0131 vermeyi reddedebilirsiniz;<br \/>\n\u2022 Ayarlar\u0131n\u0131z\u0131 kullanarak Gpindeks veya \u00fc\u00e7\u00fcnc\u00fc \u015fah\u0131s \u00e7erezlerini\/izinlerini devreden \u00e7\u0131kartabilir ve etkisizle\u015ftirebilirsiniz.<\/p>\n<p><b>Cihaz ayarlar\u0131n\u0131z vas\u0131tas\u0131yla kontrol<\/b><\/p>\n<p>Cihazlar\u0131n \u00e7o\u011fu ilk ba\u015fta \u00e7erezleri\/izinleri otomatik olarak kabul edecek \u015fekilde ayarlanm\u0131\u015f ve kurgulanm\u0131\u015flard\u0131r. \u00c7erezler i\u00e7in vermi\u015f bulundu\u011funuz r\u0131za beyan\u0131n\u0131 da cihaz\u0131n\u0131za daha \u00f6nce y\u00fcklenmi\u015f ve depolanm\u0131\u015f bulunan \u00e7erezleri silerek geri \u00e7ekebilirsiniz.<\/p>\n<p>Ancak kulland\u0131\u011f\u0131m\u0131z \u00e7erezleri devreden \u00e7\u0131kart\u0131r veya ilgili izinleri etkisizle\u015ftirirseniz, bu, GP\u2019de bulundu\u011funuz s\u00fcre i\u00e7indeki deneyiminizi etkileyebilir, \u00f6rne\u011fin, bir GP\u2019nin belirli alanlar\u0131n\u0131 ziyaret edemeyebilirsiniz ya da bir GP\u2019yi y\u00fckledi\u011finizde\/kulland\u0131\u011f\u0131n\u0131zda ki\u015fiselle\u015ftirilmi\u015f bilgiler almayabilirsiniz.<\/p>\n<p>GP\u2019yi g\u00f6r\u00fcnt\u00fclemek ve ona eri\u015fmek i\u00e7in (\u00f6rne\u011fin, bilgisayar\u0131n\u0131z, ak\u0131ll\u0131 telefonunuz veya tabletiniz gibi) farkl\u0131 cihazlar kullan\u0131rsan\u0131z, bu cihazlar\u0131n her birinin sizin \u00e7erez ve sair izin tercihlerinize g\u00f6re ayarlanm\u0131\u015f oldu\u011fundan emin olman\u0131z gerekir.<\/p>\n<p>Ayarlar\u0131n\u0131z\u0131 ve \u00e7erezlerinizi\/izinlerinizi de\u011fi\u015ftirmek i\u00e7in kullanabilece\u011finiz prosed\u00fcrler, cihazdan cihaza da farkl\u0131l\u0131k g\u00f6sterebilmektedir.<\/p>\n<p><b>Hangi \u00e7erezleri kullan\u0131yoruz?<\/b><\/p>\n<p>GP \u00fczerinde kullan\u0131lan \u00e7erezler genelde a\u015fa\u011f\u0131daki gibi s\u0131n\u0131fland\u0131r\u0131labilirler:<\/p>\n<p>\u2022 Gerekli \u00c7erezler: Bu \u00e7erezler, GP\u2019nin do\u011fru ve d\u00fczg\u00fcn \u00e7al\u0131\u015fmas\u0131n\u0131 temin etmek i\u00e7in \u015fartt\u0131rlar; bizim GP\u2019de gezinmenize ve \u00f6zelliklerimizi kullanman\u0131za olanak sa\u011flarlar. Bu \u00e7erezler olmadan, al\u0131\u015fveri\u015f sepeti gibi hizmetler sa\u011flanamaz. Bunun \u00f6rnekleri aras\u0131nda, ayn\u0131 oturumdaki bir sayfaya geri giderken daha \u00f6nceki eylemlerin (\u00f6rne\u011fin, daha \u00f6nce girilen metin) hat\u0131rlanmas\u0131ndan bahsedebiliriz. o Bu \u00e7erezler \u015fahsi veri ve bilgiler topluyorlar m\u0131 \/ beni tan\u0131yor ve kimli\u011fimi belirliyorlar m\u0131? Bu \u00e7erezler, sizi ayr\u0131 bir ki\u015fi olarak tan\u0131maz ve kimli\u011finizi belirlemezler. Bu \u00e7erezleri\/izinleri kabul etmezseniz, bu durum ilgili GP\u2019nin veya k\u0131s\u0131mlar\u0131n\u0131n performans\u0131n\u0131 etkileyebilir.<br \/>\n\u2022 Performans \u00c7erezleri: Bu \u00e7erezler, \u00f6rne\u011fin en s\u0131k hangi sayfalara gitti\u011finiz, GP\u2019de ne kadar vakit ge\u00e7irdi\u011finiz ve hata mesajlar\u0131 gibi kar\u015f\u0131la\u015ft\u0131\u011f\u0131n\u0131z sorunlar da d\u00e2hil GP\u2019yi nas\u0131l kulland\u0131\u011f\u0131n\u0131za dair bilgiler toplarlar. Bu \u00e7erezler, ayn\u0131 zamanda, ba\u015fka bir ki\u015fi ya da kuruma ba\u011fl\u0131 bir kaynaktan gelip gelmedi\u011finizin ve kullan\u0131m\u0131n\u0131z sonucunda bizden bir \u00fcr\u00fcn veya hizmet sat\u0131n al\u0131p almad\u0131\u011f\u0131n\u0131z\u0131n (sat\u0131n ald\u0131\u011f\u0131n\u0131z \u00fcr\u00fcn veya hizmetin detaylar\u0131 da d\u00e2hil) veya bizim bir \u00fcr\u00fcn veya hizmetimizi kullan\u0131p kullanmad\u0131\u011f\u0131n\u0131z\u0131n ba\u011fl\u0131 \u015firketlerce \u00f6\u011frenilmesini temin etmek amac\u0131yla da kullan\u0131lmaktad\u0131r. Bu da bize GP\u2019nin performans\u0131n\u0131 art\u0131rmam\u0131zda ve geli\u015ftirmemizde yard\u0131mc\u0131 olur.<br \/>\no Bu \u00e7erezler, sizi ayr\u0131 bir ki\u015fi olarak tan\u0131maz ve kimli\u011finizi belirlemezler. Bu \u00e7erezlerin toplad\u0131\u011f\u0131 t\u00fcm bilgiler birle\u015ftirilir ve bu sebeple anonimdir. Bu \u00e7erezler, sadece GP\u2019nin \u00e7al\u0131\u015fmas\u0131n\u0131n iyile\u015ftirilmesini temin etmek amac\u0131yla kullan\u0131l\u0131rlar.<br \/>\n\u2022 \u0130\u015flevsellik \u00c7erezleri: Bu \u00e7erezler, GP\u2019nin size daha fazla ki\u015fiselle\u015ftirilmi\u015f bir internet deneyimi sunabilmek gayesiyle, sizin yapt\u0131\u011f\u0131n\u0131z se\u00e7im ve tercihleri (kullan\u0131c\u0131 ad\u0131n\u0131z, diliniz veya bulundu\u011funuz b\u00f6lge gibi bilgiler) hat\u0131rlamas\u0131na olanak sa\u011flarlar. Benzer \u015fekilde bu \u00e7erezler, hen\u00fcz hepsi GP \u00fczerinde aktif olmasa da ileride sunulabilecek olan hizmetler \u00e7er\u00e7evesi de dahil olmak \u00fczere, olas\u0131 tekrarlardan ka\u00e7\u0131nmak i\u00e7in hangi \u00f6zellikli \u00fcr\u00fcnlerin veya videolar\u0131n g\u00f6r\u00fcnt\u00fclendi\u011fini izlemek ve sizin oyunlar oynaman\u0131za ve bloglar, sohbet odalar\u0131 ve forumlar gibi sosyal ara\u00e7lar\u0131 kullanman\u0131za olanak sa\u011flamak i\u00e7in de kullan\u0131labilirler.<br \/>\no Bu \u00e7erezlerin toplad\u0131\u011f\u0131 bilgiler, sizin if\u015fa etti\u011finiz ve a\u00e7\u0131klad\u0131\u011f\u0131n\u0131z \u015fahsi veri ve bilgileri de i\u00e7erebilirler. Bu \u00e7erezleri kabul etmezseniz, bu tercihiniz GP\u2019nin performans\u0131n\u0131 ve i\u015flevselli\u011fini etkileyebilir ve GP \u00fczerindeki i\u00e7eri\u011fe eri\u015fim haklar\u0131n\u0131z\u0131 k\u0131s\u0131tlayabilir.<br \/>\n\u2022 Hedefleme ya da Reklam \u00c7erezleri: Bu \u00e7erezler, sizin i\u00e7in ve ilgi alanlar\u0131n\u0131z i\u00e7in daha \u00f6nemli olan i\u00e7erikleri size sunabilmek amac\u0131yla kullan\u0131l\u0131rlar. Bunlar, ayn\u0131 zamanda, hedefe y\u00f6nelik rekl\u00e2mlar sunabilmek ya da bir rekl\u00e2m\u0131 g\u00f6rd\u00fc\u011f\u00fcn\u00fcz tekrar say\u0131s\u0131n\u0131 s\u0131n\u0131rland\u0131rmak ve ayr\u0131ca, rekl\u00e2m kampanyalar\u0131n\u0131n GP \u00fczerindeki etkinli\u011fini \u00f6l\u00e7memize yard\u0131mc\u0131 olmak i\u00e7in de kullan\u0131l\u0131rlar. GP\u2019yi kulland\u0131\u011f\u0131n\u0131z\u0131 hat\u0131rlarlar ve bu bilgi rekl\u00e2mc\u0131lar ve bizim rekl\u00e2m ajanslar\u0131m\u0131z da d\u00e2hil ba\u015fka ki\u015filerle de payla\u015f\u0131l\u0131r. Bu \u00e7erezler, \u00fc\u00e7\u00fcnc\u00fc \u015fah\u0131slar\u0131n sa\u011flad\u0131klar\u0131 site\/uygulama i\u015flevselli\u011fine de ba\u011flanabilirler.<br \/>\no Bu \u00e7erezlerin \u00e7o\u011fu tipleri, t\u00fcketicileri onlar\u0131n Cihaz ID veya IP adresi vas\u0131tas\u0131yla izlerler ve bu sebeple \u015fahsi veri ve bilgiler de toplayabilirler.<br \/>\n\u2022 \u00dc\u00e7\u00fcnc\u00fc-\u015eah\u0131s \u00c7erezleri: \u00d6rne\u011fin Facebook ve Google gibi kendi alanlar\u0131nda size uyarlanm\u0131\u015f Gpindeks reklamlar\u0131n\u0131 sunabilmeleri i\u00e7in, GPyi y\u00fckledi\u011finizde\/kulland\u0131\u011f\u0131n\u0131zda bizim ad\u0131m\u0131za sizin cihaz\u0131n\u0131za \u00e7erezler de yerle\u015ftirebilecek bir dizi i\u015f orta\u011f\u0131yla \u00e7al\u0131\u015f\u0131yoruz. Bu \u00e7erezleri kabul etmek isteyip istemedi\u011finize karar verebilmeniz i\u00e7in bu \u00e7erezleri kullan\u0131lmadan \u00f6nce belirlemek ve tan\u0131tmak i\u00e7in \u00e7aba g\u00f6steriyoruz. Ayr\u0131ca, GP \u00fczerindeki dijital deneyimler ve i\u015flevsellikler sunmalar\u0131 i\u00e7in de bir dizi i\u015f orta\u011f\u0131yla \u00e7al\u0131\u015f\u0131yoruz. \u00d6rne\u011fin, GP\u2019yi y\u00fckledi\u011finizde\/kulland\u0131\u011f\u0131n\u0131zda, bizim \u00e7erezlerimize r\u0131za g\u00f6stermemi\u015f veya r\u0131zan\u0131z\u0131 geri \u00e7ekmi\u015f olsan\u0131z da GP\u2019nin \u00f6zelliklerinin bir k\u0131sm\u0131n\u0131 (\u00f6rne\u011fin bir YouTube videosu) sa\u011flayan \u00fc\u00e7\u00fcnc\u00fc \u015fah\u0131slar size \u00e7erezler sunabilir ve yerle\u015ftirebilirler. Bunun olmas\u0131n\u0131n sebebi sizin do\u011frudan do\u011fruya onlar\u0131n \u00e7erezlerinin kullan\u0131lmas\u0131na r\u0131za g\u00f6stermi\u015f olman\u0131zd\u0131r. B\u00f6yle durumlarda, do\u011frudan do\u011fruya ilgili \u00fc\u00e7\u00fcnc\u00fc \u015fahs\u0131n sitesi\/uygulamas\u0131 \u00fczerindeki ilgili r\u0131zan\u0131z\u0131 geri \u00e7ekmeniz gerekir.<br \/>\n\u2022 GP genelinde hizmetlerini kulland\u0131\u011f\u0131m\u0131z \u00e7ok bilinen sosyal medya platformlar\u0131 ve\/veya farkl\u0131 i\u015f ortaklar\u0131m\u0131z ile reklam platformlar\u0131 gibi de\u011fi\u015fik t\u00fcrlerde analitik bilgi toplama servisi sunan \u00fc\u00e7\u00fcnc\u00fc taraf hizmet sa\u011flay\u0131c\u0131lar\u0131n an\u0131lan imk\u00e2nlar\u0131ndan yararlanabilmek i\u00e7in onlar\u0131n kendi cihazlar\u0131na \u00e7erez kaydetmelerine izin verebilmekteyiz. Bu t\u00fcrden \u00e7erezler hakk\u0131nda daha fazla bilgi edinmek ve de bunlar\u0131n kontrol\u00fcne ili\u015fkin ayr\u0131nt\u0131lar i\u00e7in \u00fc\u00e7\u00fcnc\u00fc taraf konumundaki belli ba\u015fl\u0131 sosyal medya ve reklam platformlar\u0131n\u0131n gizlilik ve\/veya \u00e7erez politikalar\u0131n\u0131 inceleyebilirsiniz. Her zaman i\u00e7in bize hangi hizmet sa\u011flay\u0131c\u0131lar\u0131n \u00e7erezlerini ne t\u00fcrden ama\u00e7larla kulland\u0131\u011f\u0131m\u0131za dair soru sorabilece\u011finizi unutmay\u0131n\u0131z.<br \/>\n\u2022 \u201cGoogle Analytics \u00e7erezi\u201d sayesinde ise GP\u2019u nas\u0131l kulland\u0131\u011f\u0131n\u0131z hakk\u0131nda ciddi derecede bilgi edinebiliyoruz. Google Analytics, GP deneyimini geli\u015ftirmek ve sizlerin en faydal\u0131 buldu\u011funuz i\u00e7eri\u011fi sunmak i\u00e7in ihtiyac\u0131m\u0131z olan bilgileri bize sa\u011flamaktad\u0131r. Google Analytics \u00e7erezleri, sizlerin GP \u00fczerinde hangi sayfalar\u0131 ziyaret etti\u011finizi, GP\u2019de ne kadar zaman ge\u00e7irdi\u011finizi, GP\u2019ye nereden ve nas\u0131l ula\u015ft\u0131\u011f\u0131n\u0131z\u0131 ve de hangi i\u00e7eriklere t\u0131klad\u0131\u011f\u0131n\u0131z hakk\u0131nda detayl\u0131 bilgiler kaydeder. Google Analytics\u2019in sundu\u011fu bilgiler sayesinde GP \u00fczerindeki ak\u0131\u015f\u0131 inceleyerek geli\u015ftirilmesi gereken alanlar\u0131 saptayabilmekte ve sizlere \u00e7ok daha iyi bir deneyim sunabilmekteyiz. Google Analytics \u00e7erezleri, kullan\u0131c\u0131lar\u0131n ki\u015fisel bilgilerini toplamaz ve\/veya saklamaz. Bu nedenle bu bilgiler ki\u015filerin belirlenebilir k\u0131l\u0131nmas\u0131 ve\/veya tan\u0131mlanmas\u0131 i\u00e7in kullan\u0131lamaz.<br \/>\no \u0130lgili \u00fc\u00e7\u00fcnc\u00fc \u015fahs\u0131n kulland\u0131\u011f\u0131 \u00e7erezlerin tipine ba\u011fl\u0131 olarak, bu \u00e7erezlerin toplad\u0131klar\u0131 veri ve bilgiler \u015fahsi veri ve bilgileri de i\u00e7erebilir.<\/p>\n<p><b>Kulland\u0131\u011f\u0131m\u0131z \u00e7erezin s\u00fcresi<\/b><br \/>\nS\u00fcre a\u00e7\u0131s\u0131ndan, GP \u00fczerinde iki farkl\u0131 tipte \u00e7erez kullanabiliriz:<br \/>\n\u2022 Oturum \u00c7erezleri: Bu \u00e7erezler, bizim GP\u2019yi terk etti\u011finiz zamana kadar cihaz\u0131n\u0131zda kalan ge\u00e7ici nitelikte \u00e7erezlerdir.<br \/>\n\u2022 Kal\u0131c\u0131 \u00c7erezler: Bu tip \u00e7erezler, cihaz\u0131n\u0131zda \u00e7ok daha uzun bir s\u00fcre ya da siz onlar\u0131 manuel olarak silene kadar kal\u0131rlar. \u00c7erezin sizin cihaz\u0131n\u0131zda ne kadar s\u00fcre boyunca kalaca\u011f\u0131 ise hem ilgili \u00e7erezin kendi \u00f6m\u00fcr s\u00fcresine hem de sizin \u015fahsi cihaz ayarlar\u0131n\u0131za ba\u011fl\u0131d\u0131r.<\/p>\n","protected":false},"excerpt":{"rendered":"<p>Gpindeks.com ve gpindeks.com\/soru-cevap (K\u0131saca \u201cGpindeks\u201d olarak an\u0131lacakt\u0131r) taraf\u0131ndan y\u00f6netilen Gpindeks mobil uygulamas\u0131 ile gpindeks.com ve gpindeks.com\/soru-cevap internet siteleri (Hepsi birlikte k\u0131saca \u201cGP\u201d olarak an\u0131lacakt\u0131r) \u00e7er\u00e7evesinde olmak \u00fczere veri gizlili\u011finize sayg\u0131 duyuyor ve de bu s\u00fcre\u00e7teki sorular\u0131n\u0131za da yan\u0131t olmas\u0131 a\u00e7\u0131s\u0131ndan i\u015fbu bildirim metnini dikkatle okuman\u0131z\u0131 \u00f6neriyoruz. GP \u00fczerindeki deneyimlerinizi zenginle\u015ftirebilmemize ve bizim de s\u00f6z konusu [&hellip;]<\/p>\n","protected":false},"author":1,"featured_media":0,"parent":0,"menu_order":0,"comment_status":"closed","ping_status":"closed","template":"","meta":{"footnotes":""},"class_list":["post-1632","page","type-page","status-publish","hentry"],"_links":{"self":[{"href":"https:\/\/www.gpindeks.com\/soru-cevap\/wp-json\/wp\/v2\/pages\/1632","targetHints":{"allow":["GET"]}}],"collection":[{"href":"https:\/\/www.gpindeks.com\/soru-cevap\/wp-json\/wp\/v2\/pages"}],"about":[{"href":"https:\/\/www.gpindeks.com\/soru-cevap\/wp-json\/wp\/v2\/types\/page"}],"author":[{"embeddable":true,"href":"https:\/\/www.gpindeks.com\/soru-cevap\/wp-json\/wp\/v2\/users\/1"}],"replies":[{"embeddable":true,"href":"https:\/\/www.gpindeks.com\/soru-cevap\/wp-json\/wp\/v2\/comments?post=1632"}],"version-history":[{"count":0,"href":"https:\/\/www.gpindeks.com\/soru-cevap\/wp-json\/wp\/v2\/pages\/1632\/revisions"}],"wp:attachment":[{"href":"https:\/\/www.gpindeks.com\/soru-cevap\/wp-json\/wp\/v2\/media?parent=1632"}],"curies":[{"name":"wp","href":"https:\/\/api.w.org\/{rel}","templated":true}]}}